{"id":2315,"date":"2020-03-04T14:50:11","date_gmt":"2020-03-04T17:50:11","guid":{"rendered":"https:\/\/isfd107-bue.infd.edu.ar\/sitio\/?page_id=2315"},"modified":"2024-03-18T22:08:51","modified_gmt":"2024-03-19T01:08:51","slug":"pedidos-al-cai","status":"publish","type":"page","link":"https:\/\/isfd107-bue.infd.edu.ar\/sitio\/pedidos-al-cai\/","title":{"rendered":"Pedidos al CAI"},"content":{"rendered":"\n<p><\/p>\n\n\n<p>Los pedidos al CAI ser\u00e1n tratados de acuerdo con el <a href=\"https:\/\/isfd107-bue.infd.edu.ar\/sitio\/calendario-de-sesiones\/\">calendario de sesiones publicado<\/a>. Deber\u00e1n realizarme mediante el formulario que sigue:<\/p>\n<p><strong>AVISO: <span style=\"text-decoration: underline;\"><span style=\"color: #0000ff; text-decoration: underline;\">Si se cargar\u00e1n los datos desde una computadora<\/span><\/span>, <span style=\"color: #0000ff;\">NO usar navegador Chrome<\/span> porque no enviar\u00e1 el formulario. No hay problemas con Firefox o Explorer.<\/strong><\/p>\n<p style=\"background: Light blue; color: light blue; font-weight: bold; padding: 10px; border: 3px solid purple;\"><span style=\"color: #000000;\">Puede usarse Chrome desde un celular; no se registran problemas.<\/span><\/p>\n<p><\/p>\n<p style=\"text-align: center;\">\n<div class=\"wpcf7 no-js\" id=\"wpcf7-f1265-o1\" lang=\"es-ES\" dir=\"ltr\">\n<div class=\"screen-reader-response\"><p role=\"status\" aria-live=\"polite\" aria-atomic=\"true\"><\/p> <ul><\/ul><\/div>\n<form action=\"\/sitio\/wp-json\/wp\/v2\/pages\/2315#wpcf7-f1265-o1\" method=\"post\" class=\"wpcf7-form init\" aria-label=\"Formulario de contacto\" enctype=\"multipart\/form-data\" novalidate=\"novalidate\" data-status=\"init\">\n<div style=\"display: none;\">\n<input type=\"hidden\" name=\"_wpcf7\" value=\"1265\" \/>\n<input type=\"hidden\" name=\"_wpcf7_version\" value=\"5.7.7\" \/>\n<input type=\"hidden\" name=\"_wpcf7_locale\" value=\"es_ES\" \/>\n<input type=\"hidden\" name=\"_wpcf7_unit_tag\" value=\"wpcf7-f1265-o1\" \/>\n<input type=\"hidden\" name=\"_wpcf7_container_post\" value=\"0\" \/>\n<input type=\"hidden\" name=\"_wpcf7_posted_data_hash\" value=\"\" \/>\n<input type=\"hidden\" name=\"_wpcf7_recaptcha_response\" value=\"\" \/>\n<\/div>\n<p><label><b>* Nombre<\/b><br \/>\n<span class=\"wpcf7-form-control-wrap\" data-name=\"your-nombre\"><input size=\"40\" class=\"wpcf7-form-control wpcf7-text wpcf7-validates-as-required\" aria-required=\"true\" aria-invalid=\"false\" value=\"\" type=\"text\" name=\"your-nombre\" \/><\/span><\/label>\n<\/p>\n<p><label><b>* Apellido<\/b><br \/>\n<span class=\"wpcf7-form-control-wrap\" data-name=\"your-apellido\"><input size=\"40\" class=\"wpcf7-form-control wpcf7-text wpcf7-validates-as-required\" aria-required=\"true\" aria-invalid=\"false\" value=\"\" type=\"text\" name=\"your-apellido\" \/><\/span><\/label>\n<\/p>\n<p><label><b>*DNI<\/b><br \/>\n<span class=\"wpcf7-form-control-wrap\" data-name=\"your-DNI\"><input size=\"40\" class=\"wpcf7-form-control wpcf7-text wpcf7-validates-as-required\" aria-required=\"true\" aria-invalid=\"false\" value=\"\" type=\"text\" name=\"your-DNI\" \/><\/span><\/label>\n<\/p>\n<p>* Adjuntar foto del DNI (obligatorio)\n<\/p>\n<p><span class=\"wpcf7-form-control-wrap\" data-name=\"file-908\"><input size=\"40\" class=\"wpcf7-form-control wpcf7-file wpcf7-validates-as-required\" accept=\".png,.jepg,.jpg,.gif\" aria-required=\"true\" aria-invalid=\"false\" type=\"file\" name=\"file-908\" \/><\/span>\n<\/p>\n<p><label><b>* E-mail<\/b><br \/>\n<span class=\"wpcf7-form-control-wrap\" data-name=\"your-e-mail\"><input size=\"40\" class=\"wpcf7-form-control wpcf7-text wpcf7-email wpcf7-validates-as-required wpcf7-validates-as-email\" aria-required=\"true\" aria-invalid=\"false\" value=\"\" type=\"email\" name=\"your-e-mail\" \/><\/span><\/label>\n<\/p>\n<p>* Elegir el profesorado que se cursa y por el que se hace la petici\u00f3n:\n<\/p>\n<p><span class=\"wpcf7-form-control-wrap\" data-name=\"menu-673\"><select class=\"wpcf7-form-control wpcf7-select wpcf7-validates-as-required\" aria-required=\"true\" aria-invalid=\"false\" name=\"menu-673\"><option value=\"Inicial\">Inicial<\/option><option value=\"Especial\">Especial<\/option><option value=\"Lengua y Literatura\">Lengua y Literatura<\/option><option value=\"Matem\u00e1tica\">Matem\u00e1tica<\/option><option value=\"Primaria\">Primaria<\/option><\/select><\/span>\n<\/p>\n<p>* Seleccionar el a\u00f1o para el que se eleva la solicitud:\n<\/p>\n<p><span class=\"wpcf7-form-control-wrap\" data-name=\"menu-111\"><select class=\"wpcf7-form-control wpcf7-select wpcf7-validates-as-required\" aria-required=\"true\" aria-invalid=\"false\" name=\"menu-111\"><option value=\"Primero\">Primero<\/option><option value=\"Segundo\">Segundo<\/option><option value=\"Tercero\">Tercero<\/option><option value=\"Cuarto\">Cuarto<\/option><\/select><\/span>\n<\/p>\n<p><label><b>* Desarrollar claramente lo que se solicita<\/b><br \/>\n<span class=\"wpcf7-form-control-wrap\" data-name=\"your-message\"><textarea cols=\"40\" rows=\"10\" class=\"wpcf7-form-control wpcf7-textarea wpcf7-validates-as-required\" aria-required=\"true\" aria-invalid=\"false\" name=\"your-message\"><\/textarea><\/span><\/label>\n<\/p>\n<p>Adjuntar en un solo archivo (pdf) otra documentaci\u00f3n pertinente:\n<\/p>\n<p><span class=\"wpcf7-form-control-wrap\" data-name=\"file-861\"><input size=\"40\" class=\"wpcf7-form-control wpcf7-file\" accept=\".pdf\" aria-invalid=\"false\" type=\"file\" name=\"file-861\" \/><\/span><br \/>\n_______________________________________________\n<\/p>\n<p>* \u00bfHas controlado que la petici\u00f3n sea clara, que la foto del DNI se haya cargado y\/o que la documentaci\u00f3n se haya adjuntado?\n<\/p>\n<p><span class=\"wpcf7-form-control-wrap\" data-name=\"checkbox-925\"><span class=\"wpcf7-form-control wpcf7-checkbox\"><span class=\"wpcf7-list-item first last\"><input type=\"checkbox\" name=\"checkbox-925[]\" value=\"S\u00ed, he revisado y est\u00e1 todo bien.\" \/><span class=\"wpcf7-list-item-label\">S\u00ed, he revisado y est\u00e1 todo bien.<\/span><\/span><\/span><\/span>\n<\/p>\n<p>(*) Los campos son obligatorios.\n<\/p>\n\n<p><input class=\"wpcf7-form-control has-spinner wpcf7-submit\" type=\"submit\" value=\"Enviar\" \/>\n<\/p><p style=\"display: none !important;\"><label>&#916;<textarea name=\"_wpcf7_ak_hp_textarea\" cols=\"45\" rows=\"8\" maxlength=\"100\"><\/textarea><\/label><input type=\"hidden\" id=\"ak_js_1\" name=\"_wpcf7_ak_js\" value=\"36\"\/><script>document.getElementById( \"ak_js_1\" ).setAttribute( \"value\", ( new Date() ).getTime() );<\/script><\/p><div class=\"wpcf7-response-output\" aria-hidden=\"true\"><\/div>\n<\/form>\n<\/div>\n<\/p>","protected":false},"excerpt":{"rendered":"<p>Los pedidos al CAI ser\u00e1n tratados de acuerdo con el calendario de sesiones publicado. Deber\u00e1n realizarme mediante el formulario que sigue: AVISO: Si se cargar\u00e1n los datos desde una computadora, NO usar navegador Chrome porque no enviar\u00e1 el formulario. No hay problemas con Firefox o Explorer. Puede usarse Chrome desde un celular; no se registran &#8230; <a title=\"Pedidos al CAI\" class=\"read-more\" href=\"https:\/\/isfd107-bue.infd.edu.ar\/sitio\/pedidos-al-cai\/\" aria-label=\"More on Pedidos al CAI\">[+]<\/a><\/p>\n","protected":false},"author":1454,"featured_media":0,"parent":0,"menu_order":0,"comment_status":"closed","ping_status":"closed","template":"","meta":[],"acf":[],"_links":{"self":[{"href":"https:\/\/isfd107-bue.infd.edu.ar\/sitio\/wp-json\/wp\/v2\/pages\/2315"}],"collection":[{"href":"https:\/\/isfd107-bue.infd.edu.ar\/sitio\/wp-json\/wp\/v2\/pages"}],"about":[{"href":"https:\/\/isfd107-bue.infd.edu.ar\/sitio\/wp-json\/wp\/v2\/types\/page"}],"author":[{"embeddable":true,"href":"https:\/\/isfd107-bue.infd.edu.ar\/sitio\/wp-json\/wp\/v2\/users\/1454"}],"replies":[{"embeddable":true,"href":"https:\/\/isfd107-bue.infd.edu.ar\/sitio\/wp-json\/wp\/v2\/comments?post=2315"}],"version-history":[{"count":11,"href":"https:\/\/isfd107-bue.infd.edu.ar\/sitio\/wp-json\/wp\/v2\/pages\/2315\/revisions"}],"predecessor-version":[{"id":4765,"href":"https:\/\/isfd107-bue.infd.edu.ar\/sitio\/wp-json\/wp\/v2\/pages\/2315\/revisions\/4765"}],"wp:attachment":[{"href":"https:\/\/isfd107-bue.infd.edu.ar\/sitio\/wp-json\/wp\/v2\/media?parent=2315"}],"curies":[{"name":"wp","href":"https:\/\/api.w.org\/{rel}","templated":true}]}}