{"id":2060,"date":"2019-10-10T15:51:22","date_gmt":"2019-10-10T18:51:22","guid":{"rendered":"https:\/\/isfd107-bue.infd.edu.ar\/sitio\/?page_id=2060"},"modified":"2019-10-28T14:50:35","modified_gmt":"2019-10-28T17:50:35","slug":"importante","status":"publish","type":"page","link":"https:\/\/isfd107-bue.infd.edu.ar\/sitio\/importante\/","title":{"rendered":"IMPORTANTE"},"content":{"rendered":"<p>Todos los estudiantes deben participar de las pr\u00f3ximas elecciones de C.A.I. y C.E.. La participaci\u00f3n en ambas ser\u00e1 condici\u00f3n\u00a0<em>sine qua non\u00a0<\/em>para rendir en comisiones evaluadoras finales.<\/p>\n<p><img decoding=\"async\" loading=\"lazy\" class=\"size-full wp-image-2053 aligncenter\" src=\"https:\/\/isfd107-bue.infd.edu.ar\/sitio\/wp-content\/uploads\/2019\/10\/screenshot-docs.google.com-2019.10.10-15_39_01.png\" alt=\"\" width=\"656\" height=\"453\" \/><\/p>\n<p><img decoding=\"async\" loading=\"lazy\" class=\"aligncenter wp-image-2066\" src=\"https:\/\/isfd107-bue.infd.edu.ar\/sitio\/wp-content\/uploads\/2019\/10\/cai.png\" alt=\"\" width=\"664\" height=\"455\" border=\"2\" \/><\/p>\n<p style=\"text-align: center;\"><img decoding=\"async\" loading=\"lazy\" class=\"alignnone size-full wp-image-2056\" src=\"https:\/\/isfd107-bue.infd.edu.ar\/sitio\/wp-content\/uploads\/2019\/10\/centro.png\" alt=\"\" width=\"667\" height=\"448\" \/><\/p>\n","protected":false},"excerpt":{"rendered":"<p>Todos los estudiantes deben participar de las pr\u00f3ximas elecciones de C.A.I. y C.E.. La participaci\u00f3n en ambas ser\u00e1 condici\u00f3n\u00a0sine qua non\u00a0para rendir en comisiones evaluadoras finales.<\/p>\n","protected":false},"author":1454,"featured_media":0,"parent":0,"menu_order":0,"comment_status":"closed","ping_status":"closed","template":"","meta":[],"acf":[],"_links":{"self":[{"href":"https:\/\/isfd107-bue.infd.edu.ar\/sitio\/wp-json\/wp\/v2\/pages\/2060"}],"collection":[{"href":"https:\/\/isfd107-bue.infd.edu.ar\/sitio\/wp-json\/wp\/v2\/pages"}],"about":[{"href":"https:\/\/isfd107-bue.infd.edu.ar\/sitio\/wp-json\/wp\/v2\/types\/page"}],"author":[{"embeddable":true,"href":"https:\/\/isfd107-bue.infd.edu.ar\/sitio\/wp-json\/wp\/v2\/users\/1454"}],"replies":[{"embeddable":true,"href":"https:\/\/isfd107-bue.infd.edu.ar\/sitio\/wp-json\/wp\/v2\/comments?post=2060"}],"version-history":[{"count":3,"href":"https:\/\/isfd107-bue.infd.edu.ar\/sitio\/wp-json\/wp\/v2\/pages\/2060\/revisions"}],"predecessor-version":[{"id":2068,"href":"https:\/\/isfd107-bue.infd.edu.ar\/sitio\/wp-json\/wp\/v2\/pages\/2060\/revisions\/2068"}],"wp:attachment":[{"href":"https:\/\/isfd107-bue.infd.edu.ar\/sitio\/wp-json\/wp\/v2\/media?parent=2060"}],"curies":[{"name":"wp","href":"https:\/\/api.w.org\/{rel}","templated":true}]}}