{"id":1483,"date":"2018-08-29T18:59:06","date_gmt":"2018-08-29T21:59:06","guid":{"rendered":"https:\/\/isfd107-bue.infd.edu.ar\/sitio\/cursos-virtuales-autoasistidos\/"},"modified":"2019-03-01T21:51:31","modified_gmt":"2019-03-02T00:51:31","slug":"cursos-virtuales-autoasistidos","status":"publish","type":"page","link":"https:\/\/isfd107-bue.infd.edu.ar\/sitio\/cursos-virtuales-autoasistidos\/","title":{"rendered":"Cursos virtuales autoasistidos"},"content":{"rendered":"<p><span style=\"color: #0000ff; font-size: 12pt;\"><strong>ACLARACI\u00d3N:<\/strong><\/span><\/p>\n<ul>\n<li style=\"text-align: justify;\"><strong><span style=\"font-size: 12pt;\"><span style=\"color: #0000ff;\">NO tienen tutor\/a que acompa\u00f1e, responda dudas y\/o eval\u00fae los procesos o productos. Son para AUTOGESTI\u00d3N (no otorgan puntaje ni constancia).<\/span>\u00a0<\/span><\/strong><\/li>\n<\/ul>\n<p>&nbsp;<\/p>\n<hr style=\"height: 1px;\" size=\"1\" \/>\n<p style=\"text-align: center;\"><span style=\"font-size: 12pt;\"><strong>Objetivos y temario\u00a0<\/strong><\/span><\/p>\n<p>Herramientas Microsoft Office 2016<\/p>\n<p>&#8211; <a href=\"https:\/\/docs.google.com\/document\/d\/1Vw_AWvha7pjkO6XNnmGejBSgOvo1iQ3fQwpiS-x2sqg\/edit?usp=sharing\">Word B\u00e1sico<\/a><\/p>\n<p>&#8211; <a href=\"https:\/\/docs.google.com\/document\/d\/1m-iEXZCFo7NiZbeBKvGForzyohr_fzGzIzD7VvrI0pY\/edit?usp=sharing\">Word Avanzado<\/a><\/p>\n<p>&#8211; <a href=\"https:\/\/docs.google.com\/document\/d\/1sEWEykkrB8rYYamcjuaZvgo67qW6jFIgFVYuokwcqTQ\/edit?usp=sharing\">PPT B\u00e1sico<\/a><\/p>\n<p>&#8211; <a href=\"https:\/\/docs.google.com\/document\/d\/18SRu4XEDWvM32g0Jmf6l9vNUioqqAIXrUE36_zQazxc\/edit?usp=sharing\">PPT Avanzado<\/a><\/p>\n<p>&#8211; <a href=\"https:\/\/docs.google.com\/document\/d\/1zLcqKxgG0CwAyG3NSV4RIq-G4re3KgdhAxR3hN5_IVE\/edit?usp=sharing\">Excel B\u00e1sico<\/a><\/p>\n<p>&#8211; <a href=\"https:\/\/docs.google.com\/document\/d\/1aCZoSfYWTiAj4EVjbKSxUvr20RMEr6Ky6mLUZFBMdto\/edit?usp=sharing\">Excel Avanzado<\/a><\/p>\n<p>&nbsp;<\/p>\n<p><strong style=\"font-size: 12pt;\">Una mirada alternativa de las ciencias:<\/strong><span style=\"font-size: 10pt;\">\u00a0<\/span><\/p>\n<ul>\n<li><span style=\"font-size: 12pt;\"><a href=\"https:\/\/drive.google.com\/file\/d\/0Bw--L-eEILkZMERCSlJQZUhucTQ\/view?usp=sharing\" target=\"_blank\" rel=\"noopener\">Ciencia Sociedad (para docentes)<\/a><\/span><\/li>\n<li><span style=\"font-size: 12pt;\"><a href=\"https:\/\/drive.google.com\/file\/d\/0Bw--L-eEILkZN3NCN0J2WHJYVWM\/view?usp=sharing\" target=\"_blank\" rel=\"noopener\">Ciencias de la Tierra<\/a><\/span><\/li>\n<\/ul>\n<p><span style=\"font-size: 10pt;\">\u00a0<\/span><span style=\"font-size: 12pt;\"><strong>Dise\u00f1o y planificaci\u00f3n de proyectos:<\/strong><\/span><span style=\"font-size: 12pt;\">\u00a0<\/span><\/p>\n<ul>\n<li><span style=\"font-size: 12pt;\"><a href=\"https:\/\/drive.google.com\/file\/d\/0Bw--L-eEILkZX2JNVGhDYUZ0MWM\/view?usp=sharing\" target=\"_blank\" rel=\"noopener\">Gantt\u00a0Project<\/a><\/span><\/li>\n<\/ul>\n<p><span style=\"font-size: 12pt;\">\u00a0<\/span><\/p>\n<p><span style=\"font-size: 12pt;\"><strong>Herramientas visuales<\/strong><\/span><span style=\"font-size: 12pt;\">\u00a0<\/span><\/p>\n<ul>\n<li><span style=\"font-size: 12pt;\"><a href=\"https:\/\/drive.google.com\/file\/d\/0Bw--L-eEILkZUWxSV193ek5EbkU\/view?usp=sharing\" target=\"_blank\" rel=\"noopener\">Organizadores gr\u00e1ficos<\/a><\/span><\/li>\n<li><span style=\"font-size: 12pt;\"><a href=\"https:\/\/drive.google.com\/file\/d\/0Bw--L-eEILkZVDZ4WlZiTnVDT1k\/view?usp=sharing\" target=\"_blank\" rel=\"noopener\">Presentaciones con Prezi<\/a><\/span><\/li>\n<\/ul>\n<p><span style=\"font-size: 12pt;\">\u00a0<\/span><\/p>\n<p><span style=\"font-size: 12pt;\"><strong>Investigaci\u00f3n<\/strong><\/span><span style=\"font-size: 12pt;\">\u00a0<\/span><\/p>\n<ul>\n<li><span style=\"font-size: 12pt;\"><a href=\"https:\/\/drive.google.com\/file\/d\/0Bw--L-eEILkZMzNfUjlhaG1BRlU\/view?usp=sharing\" target=\"_blank\" rel=\"noopener\">Introducci\u00f3n al dise\u00f1o de proyectos de investigaci\u00f3n<\/a><\/span><\/li>\n<li><span style=\"font-size: 12pt;\"><a href=\"https:\/\/drive.google.com\/file\/d\/0Bw--L-eEILkZSFhVWngyX21ZNEE\/view?usp=sharing\" target=\"_blank\" rel=\"noopener\">Estrategias de producci\u00f3n y an\u00e1lisis de la informaci\u00f3n en la investigaci\u00f3n educativa<\/a><\/span><\/li>\n<\/ul>\n<p><span style=\"font-size: 12pt;\">\u00a0<\/span><\/p>\n<p><span style=\"font-size: 12pt;\"><strong>Edublog<\/strong><\/span><span style=\"font-size: 12pt;\">\u00a0<\/span><\/p>\n<ul>\n<li><span style=\"font-size: 12pt;\">\u00a0<a href=\"https:\/\/drive.google.com\/file\/d\/0Bw--L-eEILkZT1A0OUJKOUZfU3c\/view?usp=sharing\" target=\"_blank\" rel=\"noopener\">Administraci\u00f3n del blog<\/a><\/span><\/li>\n<\/ul>\n<p>&nbsp;<\/p>\n<p><span style=\"color: #ff6600;\"><strong><span style=\"font-size: 13.3333px;\">Requisitos:<\/span><\/strong><\/span><\/p>\n<ul>\n<li style=\"text-align: justify;\"><span style=\"font-size: 13.3333px;\"><strong>Casilla de correo electr\u00f3nica activa<\/strong><\/span><\/li>\n<li style=\"text-align: justify;\"><span style=\"font-size: 13.3333px;\"><strong>Completar el formulario que est\u00e1 a continuaci\u00f3n<\/strong><\/span><\/li>\n<li style=\"text-align: justify;\"><span style=\"font-size: 13.3333px;\"><strong>Esperar el aviso de la plataforma, que se enviar\u00e1 al momento de dar el alta <\/strong>(NO es alta autom\u00e1tica sino manual)<\/span><\/li>\n<\/ul>\n<p style=\"text-align: justify;\">\u00a0<span style=\"font-size: 10pt; color: #0000ff;\"><strong>Formulario de pedido de alta en uno o m\u00e1s cursos:<\/strong><\/span><\/p>\n<p><iframe loading=\"lazy\" src=\"https:\/\/docs.google.com\/forms\/d\/1GKZV-fOSpbBNDYvzoEYCkGGk_bLQo86h5hSkX2pvQTM\/viewform?embedded=true&amp;wmode=transparent\" width=\"760\" height=\"500\" frameborder=\"0\" marginwidth=\"0\" marginheight=\"0\"><\/iframe><\/p>\n<p>&nbsp;<\/p>\n","protected":false},"excerpt":{"rendered":"<p>ACLARACI\u00d3N: NO tienen tutor\/a que acompa\u00f1e, responda dudas y\/o eval\u00fae los procesos o productos. Son para AUTOGESTI\u00d3N (no otorgan puntaje ni constancia).\u00a0 &nbsp; Objetivos y temario\u00a0 Herramientas Microsoft Office 2016 &#8211; Word B\u00e1sico &#8211; Word Avanzado &#8211; PPT B\u00e1sico &#8211; PPT Avanzado &#8211; Excel B\u00e1sico &#8211; Excel Avanzado &nbsp; Una mirada alternativa de las ciencias:\u00a0 &#8230; <a title=\"Cursos virtuales autoasistidos\" class=\"read-more\" href=\"https:\/\/isfd107-bue.infd.edu.ar\/sitio\/cursos-virtuales-autoasistidos\/\" aria-label=\"More on Cursos virtuales autoasistidos\">[+]<\/a><\/p>\n","protected":false},"author":1454,"featured_media":0,"parent":0,"menu_order":0,"comment_status":"closed","ping_status":"closed","template":"","meta":[],"acf":[],"_links":{"self":[{"href":"https:\/\/isfd107-bue.infd.edu.ar\/sitio\/wp-json\/wp\/v2\/pages\/1483"}],"collection":[{"href":"https:\/\/isfd107-bue.infd.edu.ar\/sitio\/wp-json\/wp\/v2\/pages"}],"about":[{"href":"https:\/\/isfd107-bue.infd.edu.ar\/sitio\/wp-json\/wp\/v2\/types\/page"}],"author":[{"embeddable":true,"href":"https:\/\/isfd107-bue.infd.edu.ar\/sitio\/wp-json\/wp\/v2\/users\/1454"}],"replies":[{"embeddable":true,"href":"https:\/\/isfd107-bue.infd.edu.ar\/sitio\/wp-json\/wp\/v2\/comments?post=1483"}],"version-history":[{"count":3,"href":"https:\/\/isfd107-bue.infd.edu.ar\/sitio\/wp-json\/wp\/v2\/pages\/1483\/revisions"}],"predecessor-version":[{"id":1778,"href":"https:\/\/isfd107-bue.infd.edu.ar\/sitio\/wp-json\/wp\/v2\/pages\/1483\/revisions\/1778"}],"wp:attachment":[{"href":"https:\/\/isfd107-bue.infd.edu.ar\/sitio\/wp-json\/wp\/v2\/media?parent=1483"}],"curies":[{"name":"wp","href":"https:\/\/api.w.org\/{rel}","templated":true}]}}