{"id":1462,"date":"2018-08-29T18:58:55","date_gmt":"2018-08-29T21:58:55","guid":{"rendered":"https:\/\/isfd107-bue.infd.edu.ar\/sitio\/planes-de-estudios\/"},"modified":"2026-01-07T10:42:02","modified_gmt":"2026-01-07T13:42:02","slug":"planes-de-estudios","status":"publish","type":"page","link":"https:\/\/isfd107-bue.infd.edu.ar\/sitio\/planes-de-estudios\/","title":{"rendered":"Planes de estudios"},"content":{"rendered":"<p style=\"text-align: center;\"><span style=\"font-family: georgia, palatino; font-size: 12pt;\"><strong>Planes de carrera (Dise\u00f1os curriculares)<\/strong><\/span><\/p>\n<p><span style=\"font-size: 10pt;\"><a title=\"Plan de estudios -Profesorado de Educacion Inicial\" href=\"https:\/\/drive.google.com\/file\/d\/18J7ymoG2W6zTL4gmy_d5kmwTMiIgGAO1\/view?usp=sharing\" target=\"_blank\" rel=\"noopener\">Profesorado de Educaci\u00f3n Secundaria en Biolog\u00eda<\/a><\/span><\/p>\n<p><span style=\"font-size: 10pt;\"><a title=\"Plan de estudios -Profesorado de Educacion Inicial\" href=\"https:\/\/drive.google.com\/open?id=1LHxIckY6DwwABUMThEof_NnfiExm1rCn\" target=\"_blank\" rel=\"noopener\">Profesorado de Educaci\u00f3n Inicial<\/a><\/span><\/p>\n<p><span style=\"font-size: 10pt;\"><a title=\"Plan de carrera- Profesorado de Educacion Especial\" href=\"upload\/Plan_de_carrera-__Profesorado_de_Educacion_Especial.doc\" target=\"_blank\" rel=\"noopener\">Profesorado de Educaci\u00f3n Especial<\/a><\/span><\/p>\n<p><span style=\"font-size: 10pt;\"><a title=\"Plan de carrera- Profesorado de Lengua y literatura\" href=\"https:\/\/drive.google.com\/file\/d\/1NRLmS2Oo-KMEYx6ArPcQkGvm0KO1e7M3\/view?usp=sharing\" target=\"_blank\" rel=\"noopener\">Profesorado de Educaci\u00f3n Secundaria en Lengua y literatura (RM 5883\/25)<\/a><\/span><\/p>\n<p><span style=\"font-size: 10pt;\"><a title=\"Plan de carrera- Profesorado de Lengua y literatura\" href=\"https:\/\/drive.google.com\/open?id=186ZA-IsmUlJyiKAJg4As4qfSveTs2uky\" target=\"_blank\" rel=\"noopener\">Profesorado de Educaci\u00f3n Secundaria en Lengua y literatura (RM 1862\/17- plan viejo)<\/a><\/span><\/p>\n<p><span style=\"font-size: 10pt;\"><a title=\"Plan de carrera- Profesorado de Matematica\" href=\"https:\/\/drive.google.com\/file\/d\/1V_VftOsYvZbbYqf1lWIsFG8WoYvIaN0k\/view?usp=sharing\" target=\"_blank\" rel=\"noopener\">Profesorado de Educaci\u00f3n Secundaria en Matem\u00e1tica (RM 5882\/25)<\/a><\/span><\/p>\n<p><span style=\"font-size: 10pt;\"><a title=\"Plan de carrera- Profesorado de Matematica\" href=\"https:\/\/drive.google.com\/open?id=15EDZeXmmPZ1ohZAKitNZBOt8EyJXyUVG\" target=\"_blank\" rel=\"noopener\">Profesorado de Educaci\u00f3n Secundaria en Matem\u00e1tica (RM 1861\/17- plan viejo)<\/a><\/span><\/p>\n<p><span style=\"font-size: 10pt;\"><a title=\"Plan de estudios -Profesorado de Educacion Primaria\" href=\"https:\/\/drive.google.com\/open?id=1LHxIckY6DwwABUMThEof_NnfiExm1rCn\" target=\"_blank\" rel=\"noopener\">Profesorado de Educaci\u00f3n Primaria<\/a><\/span><\/p>\n","protected":false},"excerpt":{"rendered":"<p>Planes de carrera (Dise\u00f1os curriculares) Profesorado de Educaci\u00f3n Secundaria en Biolog\u00eda Profesorado de Educaci\u00f3n Inicial Profesorado de Educaci\u00f3n Especial Profesorado de Educaci\u00f3n Secundaria en Lengua y literatura (RM 5883\/25) Profesorado de Educaci\u00f3n Secundaria en Lengua y literatura (RM 1862\/17- plan viejo) Profesorado de Educaci\u00f3n Secundaria en Matem\u00e1tica (RM 5882\/25) Profesorado de Educaci\u00f3n Secundaria en Matem\u00e1tica &#8230; <a title=\"Planes de estudios\" class=\"read-more\" href=\"https:\/\/isfd107-bue.infd.edu.ar\/sitio\/planes-de-estudios\/\" aria-label=\"More on Planes de estudios\">[+]<\/a><\/p>\n","protected":false},"author":1454,"featured_media":0,"parent":0,"menu_order":0,"comment_status":"closed","ping_status":"closed","template":"","meta":[],"acf":[],"_links":{"self":[{"href":"https:\/\/isfd107-bue.infd.edu.ar\/sitio\/wp-json\/wp\/v2\/pages\/1462"}],"collection":[{"href":"https:\/\/isfd107-bue.infd.edu.ar\/sitio\/wp-json\/wp\/v2\/pages"}],"about":[{"href":"https:\/\/isfd107-bue.infd.edu.ar\/sitio\/wp-json\/wp\/v2\/types\/page"}],"author":[{"embeddable":true,"href":"https:\/\/isfd107-bue.infd.edu.ar\/sitio\/wp-json\/wp\/v2\/users\/1454"}],"replies":[{"embeddable":true,"href":"https:\/\/isfd107-bue.infd.edu.ar\/sitio\/wp-json\/wp\/v2\/comments?post=1462"}],"version-history":[{"count":10,"href":"https:\/\/isfd107-bue.infd.edu.ar\/sitio\/wp-json\/wp\/v2\/pages\/1462\/revisions"}],"predecessor-version":[{"id":5534,"href":"https:\/\/isfd107-bue.infd.edu.ar\/sitio\/wp-json\/wp\/v2\/pages\/1462\/revisions\/5534"}],"wp:attachment":[{"href":"https:\/\/isfd107-bue.infd.edu.ar\/sitio\/wp-json\/wp\/v2\/media?parent=1462"}],"curies":[{"name":"wp","href":"https:\/\/api.w.org\/{rel}","templated":true}]}}