{"id":1460,"date":"2022-03-29T15:58:55","date_gmt":"2022-03-29T18:58:55","guid":{"rendered":"https:\/\/isfd107-bue.infd.edu.ar\/sitio\/docentes-y-programas-5\/"},"modified":"2026-02-27T20:31:56","modified_gmt":"2026-02-27T23:31:56","slug":"docentes-y-programas-5","status":"publish","type":"page","link":"https:\/\/isfd107-bue.infd.edu.ar\/sitio\/docentes-y-programas-5\/","title":{"rendered":"Plan vigente (RM 1861\/17)"},"content":{"rendered":"<p style=\"text-align: center;\"><strong> MATEM\u00c1TICA &#8211; RESOLUCI\u00d3N 1861\/17<\/strong><\/p>\n<p style=\"text-align: left;\"><strong>Los programas aparecen con link, de acuerdo con el a\u00f1o de la carrera y ciclo lectivo.&nbsp;<\/strong><\/p>\n<table style=\"width: 745px; height: 911px;\" border=\"0\" cellspacing=\"0\" cellpadding=\"0\">\n<colgroup>\n<col width=\"30\">\n<col width=\"624\">\n<col width=\"361\"> <\/colgroup>\n<tbody>\n<tr style=\"height: 21px;\">\n<td style=\"border: 1px solid #000000; height: 21px; text-align: center; width: 777px;\" colspan=\"4\"><strong>1\u00b0 A\u00d1O<\/strong><\/td>\n<\/tr>\n<tr style=\"height: 21px;\">\n<td style=\"border: 1px solid #000000; height: 21px; width: 777px;\" colspan=\"4\"><strong>Campo de la Formaci\u00f3n General<\/strong><\/td>\n<\/tr>\n<tr style=\"height: 21px;\">\n<td style=\"border: 1px solid #000000; height: 21px; width: 32px;\">&nbsp;1<\/td>\n<td style=\"border: 1px solid #000000; background-color: #f7f9fa; height: 21px; width: 257px;\">&nbsp;Pedagog\u00eda<\/td>\n<td style=\"border: 1px solid #000000; background-color: #f7f9fa; height: 21px; width: 250px;\"><a href=\"https:\/\/drive.google.com\/file\/d\/1miYLPAXGB2lFA25fn9Y6R7sb_yvD-B6Q\/view?usp=sharing\">2022<\/a> &#8211;&nbsp; 2023 &#8211; <a href=\"https:\/\/drive.google.com\/file\/d\/1A0_3wPcbwj8xONL8TxFWJYHOE3mN3dw_\/view?usp=sharing\">2024<\/a><\/td>\n<\/tr>\n<tr style=\"height: 21px;\">\n<td style=\"border: 1px solid #000000; height: 21px; width: 32px;\">&nbsp;2<\/td>\n<td style=\"border: 1px solid #000000; background-color: #f7f9fa; height: 21px; width: 257px;\">&nbsp;Did\u00e1ctica General<\/td>\n<td style=\"border: 1px solid #000000; background-color: #f7f9fa; height: 21px; width: 234px;\"><a href=\"https:\/\/drive.google.com\/file\/d\/1GTexHaJBzCOENSZ44pP5N-G4ncY8sJPG\/view?usp=sharing\">2022<\/a> &#8211; <a href=\"https:\/\/drive.google.com\/file\/d\/17HLP2Mba2FN_PEZ4dzvO4JVZHXYzq2Jm\/view?usp=sharing\">2024<\/a><\/td>\n<\/tr>\n<tr style=\"height: 21px;\">\n<td style=\"border: 1px solid #000000; height: 21px; width: 32px;\">&nbsp;3<\/td>\n<td style=\"border: 1px solid #000000; background-color: #f7f9fa; height: 21px; width: 257px;\">&nbsp;Problem\u00e1ticas Socio-Institucionales<\/td>\n<td style=\"border: 1px solid #000000; background-color: #f7f9fa; height: 21px; width: 234px;\"><a href=\"https:\/\/drive.google.com\/file\/d\/1nGrdpWyp_qqXpvNVC3owx5RoSi3lCC4A\/view?usp=sharing\">2019<\/a> &#8211;<a href=\"https:\/\/drive.google.com\/file\/d\/11nSkXlXRxtQ4LJ8arqtu3x0m5Q4-FXJc\/view?usp=share_link\"> 2022<\/a> &#8211; <a href=\"https:\/\/drive.google.com\/file\/d\/14rYTGZNAyDLGnAwRxd5BRkwyXR5wAR2J\/view?usp=sharing\">2023<\/a>&#8211; <a href=\"https:\/\/drive.google.com\/file\/d\/1ovrjTF9qkT3Y7GnkRy0zNAe7rnNscaLZ\/view?usp=sharing\">2024<\/a><\/td>\n<\/tr>\n<tr style=\"height: 21px;\">\n<td style=\"border: 1px solid #000000; height: 21px; width: 777px;\" colspan=\"4\"><strong>Campo de la Formaci\u00f3n Espec\u00edfica<\/strong><\/td>\n<\/tr>\n<tr style=\"height: 21px;\">\n<td style=\"border: 1px solid #000000; height: 21px; width: 32px;\">4<\/td>\n<td style=\"border: 1px solid #000000; background-color: #f7f9fa; height: 21px; width: 257px;\">Geometr\u00eda M\u00e9trica<\/td>\n<td style=\"border: 1px solid #000000; background-color: #f7f9fa; height: 21px; width: 234px;\"><a href=\"https:\/\/drive.google.com\/open?id=1UTH4bTBNu7MX3bi3xdha4OmF15efQiXd\">2019<\/a><\/td>\n<\/tr>\n<tr style=\"height: 21px;\">\n<td style=\"border: 1px solid #000000; height: 21px; width: 32px;\">5<\/td>\n<td style=\"border: 1px solid #000000; background-color: #f7f9fa; height: 21px; width: 257px;\">\u00c1lgebra I<\/td>\n<td style=\"border: 1px solid #000000; background-color: #f7f9fa; height: 21px; width: 234px;\"><a href=\"https:\/\/drive.google.com\/open?id=1cd_KxIiy7KmiDcxnjv2fR5PfxM8ozFrh\">2019<\/a>&nbsp;&#8211; 2020 &#8211; 2021- <a href=\"https:\/\/drive.google.com\/file\/d\/1MtS9Nif2ATY0dZ6rvBEwh619GEnUUdwn\/view?usp=share_link\">2022<\/a>&nbsp;&#8211; <a href=\"https:\/\/drive.google.com\/file\/d\/15SQzxSgwEcxcs4142UzVnAZRGFq_OUHe\/view?usp=sharing\">2023-<\/a> <a href=\"https:\/\/drive.google.com\/file\/d\/1GKHtQks86FKzPAJ8quawVlkLz_AxSU8I\/view?usp=sharing\">2024<\/a><\/td>\n<\/tr>\n<tr style=\"height: 21px;\">\n<td style=\"border: 1px solid #000000; height: 21px; width: 32px;\">6<\/td>\n<td style=\"border: 1px solid #000000; background-color: #f7f9fa; height: 21px; width: 257px;\">Introducci\u00f3n al c\u00e1lculo<\/td>\n<td style=\"border: 1px solid #000000; background-color: #f7f9fa; height: 21px; width: 234px;\"><\/td>\n<\/tr>\n<tr style=\"height: 21px;\">\n<td style=\"border: 1px solid #000000; height: 21px; width: 777px;\" colspan=\"4\"><strong>Campo de la Formaci\u00f3n en la Pr\u00e1ctica Profesional <\/strong><\/td>\n<\/tr>\n<tr style=\"height: 21px;\">\n<td style=\"border: 1px solid #000000; height: 21px; width: 32px;\">7<\/td>\n<td style=\"border: 1px solid #000000; background-color: #f7f9fa; height: 21px; width: 257px;\">CFPP 1:El trabajo docente: complejidades y entramados<\/td>\n<td style=\"border: 1px solid #000000; background-color: #f7f9fa; height: 21px; width: 234px;\"><a href=\"https:\/\/drive.google.com\/file\/d\/1XCZjVxFIk8qpmLrJmtcFRlskB2M-68ZG\/view?usp=sharing\">2023<\/a><\/td>\n<\/tr>\n<tr style=\"height: 21px;\">\n<td style=\"border: 1px solid #000000; height: 21px; text-align: center; width: 777px;\" colspan=\"4\"><strong>2\u00b0 A\u00d1O<\/strong><\/td>\n<\/tr>\n<tr style=\"height: 21px;\">\n<td style=\"border: 1px solid #000000; height: 21px; width: 777px;\" colspan=\"4\"><strong>Campo de la Formaci\u00f3n General<\/strong><\/td>\n<\/tr>\n<tr style=\"height: 21px;\">\n<td style=\"border: 1px solid #000000; height: 21px; width: 32px;\">8<\/td>\n<td style=\"border: 1px solid #000000; background-color: #f7f9fa; height: 21px; width: 257px;\">Historia y Pol\u00edtica Argentina<\/td>\n<td style=\"border: 1px solid #000000; background-color: #f7f9fa; height: 21px; width: 234px;\"><a href=\"https:\/\/drive.google.com\/file\/d\/1evbPzaEQfPHdOzGTh6MwOTPdGGjfSeL1\/view?usp=sharing\">2023 <\/a>&#8211; <a href=\"https:\/\/drive.google.com\/file\/d\/1_ekU5QLae1pcinNdSEnRqakYjXmdtshl\/view?usp=drive_link\">2024<\/a><\/td>\n<\/tr>\n<tr style=\"height: 21px;\">\n<td style=\"border: 1px solid #000000; height: 21px; width: 32px;\">9<\/td>\n<td style=\"border: 1px solid #000000; background-color: #f7f9fa; height: 21px; width: 257px;\">Ense\u00f1ar con tecnolog\u00edas<\/td>\n<td style=\"border: 1px solid #000000; background-color: #f7f9fa; height: 21px; width: 234px;\"><a href=\"https:\/\/drive.google.com\/file\/d\/1XGEef53GziKIrBwqxm8zNotfv0c5yn_a\/view?usp=sharing\">2023 <\/a>&#8211; <a href=\"https:\/\/drive.google.com\/file\/d\/1lviNFshVU3Ygg_HSPvK6S7p8mB1lJoJo\/view?usp=sharing\">2024<\/a><\/td>\n<\/tr>\n<tr style=\"height: 21px;\">\n<td style=\"border: 1px solid #000000; height: 21px; width: 32px;\">10<\/td>\n<td style=\"border: 1px solid #000000; background-color: #f7f9fa; height: 21px; width: 257px;\">Perspectivas acerca de los sujetos de la Educaci\u00f3n<\/td>\n<td style=\"border: 1px solid #000000; background-color: #f7f9fa; height: 21px; width: 234px;\"><a href=\"https:\/\/drive.google.com\/file\/d\/1nj2PUt0DsAadLXuiKfqk8e0iO_-sx0aP\/view?usp=sharing\">2024<\/a><\/td>\n<\/tr>\n<tr style=\"height: 21px;\">\n<td style=\"border: 1px solid #000000; height: 21px; width: 777px;\" colspan=\"4\"><strong>Campo de la Formaci\u00f3n Espec\u00edfica<\/strong><\/td>\n<\/tr>\n<tr style=\"height: 21px;\">\n<td style=\"border: 1px solid #000000; height: 21px; width: 32px;\">11<\/td>\n<td style=\"border: 1px solid #000000; background-color: #f7f9fa; height: 21px; width: 257px;\">Geometr\u00eda Anal\u00edtica<\/td>\n<td style=\"border: 1px solid #000000; background-color: #f7f9fa; height: 21px; width: 234px;\"><\/td>\n<\/tr>\n<tr style=\"height: 21px;\">\n<td style=\"border: 1px solid #000000; height: 21px; width: 32px;\">12<\/td>\n<td style=\"border: 1px solid #000000; background-color: #f7f9fa; height: 21px; width: 257px;\">Historia de la Matem\u00e1tica<\/td>\n<td style=\"border: 1px solid #000000; background-color: #f7f9fa; height: 21px; width: 234px;\"><\/td>\n<\/tr>\n<tr style=\"height: 21px;\">\n<td style=\"border: 1px solid #000000; height: 21px; width: 32px;\">13<\/td>\n<td style=\"border: 1px solid #000000; background-color: #f7f9fa; height: 21px; width: 257px;\">Did\u00e1ctica de la Matem\u00e1tica I<\/td>\n<td style=\"border: 1px solid #000000; background-color: #f7f9fa; height: 21px; width: 234px;\"><a href=\"https:\/\/drive.google.com\/file\/d\/13U0qVSRQe9C2dfsouHFLXP3bKaqZNGqX\/view?usp=sharing\">2019<\/a><\/td>\n<\/tr>\n<tr style=\"height: 21px;\">\n<td style=\"border: 1px solid #000000; height: 21px; width: 32px;\">14<\/td>\n<td style=\"border: 1px solid #000000; background-color: #f7f9fa; height: 21px; width: 257px;\">\u00c1lgebra II<\/td>\n<td style=\"border: 1px solid #000000; background-color: #f7f9fa; height: 21px; width: 234px;\"><a href=\"https:\/\/drive.google.com\/file\/d\/1u_FHdT4mOZd0Z73mkpW3fdL-DS6IUq3I\/view?usp=sharing\">2019<\/a><\/td>\n<\/tr>\n<tr style=\"height: 21px;\">\n<td style=\"border: 1px solid #000000; height: 21px; width: 32px;\">15<\/td>\n<td style=\"border: 1px solid #000000; background-color: #f7f9fa; height: 21px; width: 257px;\">C\u00e1lculo<\/td>\n<td style=\"border: 1px solid #000000; background-color: #f7f9fa; height: 21px; width: 234px;\"><\/td>\n<\/tr>\n<tr style=\"height: 21px;\">\n<td style=\"border: 1px solid #000000; height: 21px; width: 777px;\" colspan=\"4\"><strong>Campo de la Formaci\u00f3n en la Pr\u00e1ctica Profesional<\/strong><\/td>\n<\/tr>\n<tr style=\"height: 21px;\">\n<td style=\"border: 1px solid #000000; height: 21px; width: 32px;\">16<\/td>\n<td style=\"border: 1px solid #000000; background-color: #f7f9fa; height: 21px; width: 257px;\">CFPP 2:La construcci\u00f3n del&nbsp; trabajo docente en la Escuela Secundaria<\/td>\n<td style=\"border: 1px solid #000000; background-color: #f7f9fa; height: 21px; width: 234px;\"><a href=\"https:\/\/drive.google.com\/open?id=1tcaNDJsvdXbYReJJMRErTIbRFrNZ5Q1a\">2019<\/a> &#8211; <a href=\"https:\/\/drive.google.com\/file\/d\/17LraWLOl7q7yJuQHSFHNL9JG9jyaNfQ4\/view?usp=sharing\">2023<\/a>&#8211; <a href=\"https:\/\/drive.google.com\/file\/d\/1bF31YtCh1Zj_GnuF8eo0mAZ9ep5ZyXFn\/view?usp=sharing\">2024<\/a><\/td>\n<\/tr>\n<tr style=\"height: 21px;\">\n<td style=\"border: 1px solid #000000; height: 21px; text-align: center; width: 777px;\" colspan=\"4\"><strong>&nbsp; &nbsp; &nbsp; &nbsp; 3\u00b0 A\u00d1O<\/strong><\/td>\n<\/tr>\n<tr style=\"height: 21px;\">\n<td style=\"border: 1px solid #000000; height: 21px; width: 777px;\" colspan=\"4\"><strong>Campo de la Formaci\u00f3n General<\/strong><\/td>\n<\/tr>\n<tr style=\"height: 21px;\">\n<td style=\"border: 1px solid #000000; height: 21px; width: 32px;\">17<\/td>\n<td style=\"border: 1px solid #000000; background-color: #f7f9fa; height: 21px; width: 257px;\">Educaci\u00f3n para la diversidad<\/td>\n<td style=\"border: 1px solid #000000; background-color: #f7f9fa; height: 21px; width: 234px;\"><a href=\"https:\/\/drive.google.com\/file\/d\/1F4M_lVLOiy3-dzcKPvo2r4PJGMAhJa3T\/view?usp=sharing\">2023 <\/a>&#8211; <a href=\"https:\/\/drive.google.com\/file\/d\/1LQJDIvqLWroaoMv_Wr7f1ry_frqk7h5d\/view?usp=sharing\">2024<\/a><\/td>\n<\/tr>\n<tr style=\"height: 21px;\">\n<td style=\"border: 1px solid #000000; height: 21px; width: 32px;\">18<\/td>\n<td style=\"border: 1px solid #000000; background-color: #f7f9fa; height: 21px; width: 257px;\">Filosof\u00eda y Educaci\u00f3n<\/td>\n<td style=\"border: 1px solid #000000; background-color: #f7f9fa; height: 21px; width: 234px;\"><a href=\"https:\/\/drive.google.com\/file\/d\/1vkeya8FNxobsb-rTg_cNIGlpK33bIqHF\/view?usp=sharing\">2023 <\/a>&#8211; <a href=\"https:\/\/drive.google.com\/file\/d\/1WjhB7Upqe0o8MWpusUxOIqg-cwVG_vbj\/view?usp=sharing\">2024<\/a><\/td>\n<\/tr>\n<tr style=\"height: 21px;\">\n<td style=\"border: 1px solid #000000; height: 21px; width: 32px;\">19<\/td>\n<td style=\"border: 1px solid #000000; background-color: #f7f9fa; height: 21px; width: 257px;\">Evaluaci\u00f3n de los aprendizajes<\/td>\n<td style=\"border: 1px solid #000000; background-color: #f7f9fa; height: 21px; width: 234px;\"><a href=\"https:\/\/drive.google.com\/file\/d\/1fIvxgGLnNjOwcYMfzsoBOwgaunoCgS0h\/view?usp=sharing\">2023<\/a><\/td>\n<\/tr>\n<tr style=\"height: 21px;\">\n<td style=\"border: 1px solid #000000; height: 21px; width: 777px;\" colspan=\"4\"><strong>OFERTA DE UNIDADES CURRICULARES ANUALES OPTATIVAS PAR EL ESTUDIANTE<\/strong><\/td>\n<\/tr>\n<tr style=\"height: 21px;\">\n<td style=\"border: 1px solid #000000; height: 21px; width: 32px;\">20<\/td>\n<td style=\"border: 1px solid #000000; background-color: #f7f9fa; height: 21px; width: 257px;\">Opci\u00f3n 1:Nivel1 de Ingl\u00e9s<\/td>\n<td style=\"border: 1px solid #000000; background-color: #f7f9fa; height: 21px; width: 234px;\"><a href=\"https:\/\/drive.google.com\/file\/d\/1mM5G1KiSkqH60yTk0XmHeUA4_-rlhdg9\/view?usp=sharing\">2020 <\/a>&#8211; <a href=\"https:\/\/drive.google.com\/file\/d\/13Mt_CsEJewOfv3zrqMUl_ZNX3MfECHj9\/view?usp=sharing\">2024<\/a><\/td>\n<\/tr>\n<tr style=\"height: 21px;\">\n<td style=\"border: 1px solid #000000; height: 21px; width: 32px;\">21<\/td>\n<td style=\"border: 1px solid #000000; background-color: #f7f9fa; height: 21px; width: 257px;\">Opci\u00f3n 2: Narrativa pedag\u00f3gica<\/td>\n<td style=\"border: 1px solid #000000; background-color: #f7f9fa; height: 21px; width: 234px;\"><a href=\"https:\/\/drive.google.com\/file\/d\/1azwe1AJk52PhzJjr2WlyTBI3o-b9ZzEF\/view?usp=sharing\">2023<\/a> &#8211; <a href=\"https:\/\/drive.google.com\/file\/d\/1rAqkNqDB0ho7Wr9OnDfbhpKdboX85ZzY\/view?usp=sharing\">2024<\/a><\/td>\n<\/tr>\n<tr style=\"height: 21px;\">\n<td style=\"border: 1px solid #000000; height: 21px; width: 777px;\" colspan=\"4\"><strong>Campo de la Formaci\u00f3n Espec\u00edfica<\/strong><\/td>\n<\/tr>\n<tr style=\"height: 21px;\">\n<td style=\"border: 1px solid #000000; height: 21px; width: 32px;\">22<\/td>\n<td style=\"border: 1px solid #000000; background-color: #f7f9fa; height: 21px; width: 257px;\">Probabilidad y estad\u00edstica<\/td>\n<td style=\"border: 1px solid #000000; background-color: #f7f9fa; height: 21px; width: 234px;\"><a href=\"https:\/\/drive.google.com\/file\/d\/1l8Kgtx_cdgpI16eTu4CP_be5HV5oe2Vx\/view?usp=sharing\">2024<\/a><\/td>\n<\/tr>\n<tr style=\"height: 21px;\">\n<td style=\"border: 1px solid #000000; height: 21px; width: 32px;\">23<\/td>\n<td style=\"border: 1px solid #000000; background-color: #f7f9fa; height: 21px; width: 257px;\">Did\u00e1ctica de la Matem\u00e1tica II &#8211; Ense\u00f1anza con TIC<\/td>\n<td style=\"border: 1px solid #000000; background-color: #f7f9fa; height: 21px; width: 234px;\"><a href=\"https:\/\/drive.google.com\/open?id=16MNg1xRSD-HpoTPC-J_A2orywlJwCGK-\">2019<\/a> &#8211; 2020 &#8211; 2021 &#8211;<a href=\"https:\/\/drive.google.com\/file\/d\/1hCU5a36v-0gKResYxzXHq8h_fVyiwI_-\/view?usp=share_link\">2022<\/a>&nbsp;&#8211; <a href=\"https:\/\/drive.google.com\/file\/d\/1AxAu7FqC8zAltX0AitWCf9tvX75uwiUb\/view?usp=sharing\">2023<\/a>&#8211; <a href=\"https:\/\/drive.google.com\/file\/d\/1lyguhbp9QhZK6hqwFMyVq1uAtVvnIe-4\/view?usp=sharing\">2024<\/a><\/td>\n<\/tr>\n<tr style=\"height: 21px;\">\n<td style=\"border: 1px solid #000000; height: 21px; width: 32px;\">24<\/td>\n<td style=\"border: 1px solid #000000; background-color: #f7f9fa; height: 21px; width: 257px;\">Complementos de c\u00e1lculo<\/td>\n<td style=\"border: 1px solid #000000; background-color: #f7f9fa; height: 21px; width: 234px;\"><\/td>\n<\/tr>\n<tr style=\"height: 21px;\">\n<td style=\"border: 1px solid #000000; height: 21px; width: 32px;\">25<\/td>\n<td style=\"border: 1px solid #000000; background-color: #f7f9fa; height: 21px; width: 257px;\">\u00c1lgebra superior y elementos de Topolog\u00eda<\/td>\n<td style=\"border: 1px solid #000000; background-color: #f7f9fa; height: 21px; width: 234px;\"><a href=\"https:\/\/drive.google.com\/file\/d\/1x6pPQ5Q0Qb6uvvYcpRJqBQ60RNvAxqUy\/view?usp=sharing\">2023 <\/a>&#8211; <a href=\"https:\/\/drive.google.com\/file\/d\/1Xi6tEc-yXcYTL_cWgVT7YuRyhk4KqHos\/view?usp=sharing\">2024<\/a><\/td>\n<\/tr>\n<tr style=\"height: 21px;\">\n<td style=\"border: 1px solid #000000; height: 21px; width: 777px;\" colspan=\"4\"><strong>Campo de la Formaci\u00f3n en la Pr\u00e1ctica Profesional<\/strong><\/td>\n<\/tr>\n<tr style=\"height: 21px;\">\n<td style=\"border: 1px solid #000000; height: 21px; width: 32px;\">26<\/td>\n<td style=\"border: 1px solid #000000; background-color: #f7f9fa; height: 21px; width: 257px;\">CFPP 3:La construcci\u00f3n de la tarea docente espec\u00edfica en la ense\u00f1anza del nivel<\/td>\n<td style=\"border: 1px solid #000000; background-color: #f7f9fa; height: 21px; width: 234px;\"><a href=\"https:\/\/drive.google.com\/file\/d\/1TJXQ1FpZG0T1DdEk9iI1WFSkyM-zT2zT\/view?usp=sharing\">2023<\/a> &#8211; <a href=\"https:\/\/drive.google.com\/file\/d\/1J8tb4fVRY48cpsPrp9P_I_-YfUT_-p6c\/view?usp=sharing\">2024<\/a><\/td>\n<\/tr>\n<tr style=\"height: 21px;\">\n<td style=\"border: 1px solid #000000; height: 21px; width: 777px; text-align: center;\" colspan=\"4\"><strong>4\u00b0 A\u00d1O<\/strong><\/td>\n<\/tr>\n<tr style=\"height: 21px;\">\n<td style=\"border: 1px solid #000000; height: 21px; width: 777px;\" colspan=\"4\"><strong>Campo de la Formaci\u00f3n General<\/strong><\/td>\n<\/tr>\n<tr style=\"height: 21px;\">\n<td style=\"border: 1px solid #000000; height: 21px; width: 32px;\">27<\/td>\n<td style=\"border: 1px solid #000000; background-color: #f7f9fa; height: 21px; width: 257px;\">An\u00e1lisis e intervenci\u00f3n en situaciones de convivencia&nbsp; escolar<\/td>\n<td style=\"border: 1px solid #000000; background-color: #f7f9fa; height: 21px; width: 234px;\"><a href=\"https:\/\/drive.google.com\/file\/d\/11KOqZq3GPWDjBvnrK_DLAVKLDhGTz6Ax\/view?usp=sharing\">2022<\/a>&#8211; 2023 &#8211; 2024 &#8211;<\/td>\n<\/tr>\n<tr style=\"height: 21px;\">\n<td style=\"border: 1px solid #000000; height: 21px; width: 777px;\" colspan=\"4\"><strong>OFERTA DE UNIDADES CURRICULARES ANUALES OPTATIVAS PAR EL ESTUDIANTE<\/strong><\/td>\n<\/tr>\n<tr style=\"height: 21px;\">\n<td style=\"border: 1px solid #000000; height: 21px; width: 32px;\">28<\/td>\n<td style=\"border: 1px solid #000000; background-color: #f7f9fa; height: 21px; width: 257px;\">Opci\u00f3n 1:Nivel 2 de Ingl\u00e9s<\/td>\n<td style=\"border: 1px solid #000000; background-color: #f7f9fa; height: 21px; width: 234px;\"><a href=\"https:\/\/drive.google.com\/file\/d\/1rQeXn_bvxe3jnJ2W3TJ4qA9GxtevsYs_\/view?usp=sharing\">2021<\/a>&#8211; <a href=\"https:\/\/drive.google.com\/file\/d\/1QFmqHI7UUY1XpvkFnxHO3iawMGHVbE48\/view?usp=sharing\">2024<\/a><\/td>\n<\/tr>\n<tr style=\"height: 21px;\">\n<td style=\"border: 1px solid #000000; height: 21px; width: 32px;\">29<\/td>\n<td style=\"border: 1px solid #000000; background-color: #f7f9fa; height: 21px; width: 257px;\">Opci\u00f3n 2:Tutor\u00edas y orientaci\u00f3n escolar<\/td>\n<td style=\"border: 1px solid #000000; background-color: #f7f9fa; height: 21px; width: 234px;\"><\/td>\n<\/tr>\n<tr style=\"height: 21px;\">\n<td style=\"border: 1px solid #000000; height: 21px; width: 777px;\" colspan=\"4\"><strong>Campo de la Formaci\u00f3n Espec\u00edfica<\/strong><\/td>\n<\/tr>\n<tr style=\"height: 21px;\">\n<td style=\"border: 1px solid #000000; height: 21px; width: 32px;\">30<\/td>\n<td style=\"border: 1px solid #000000; background-color: #f7f9fa; height: 21px; width: 257px;\">Seminario de temas de f\u00edsica<\/td>\n<td style=\"border: 1px solid #000000; background-color: #f7f9fa; height: 21px; width: 234px;\"><\/td>\n<\/tr>\n<tr style=\"height: 21px;\">\n<td style=\"border: 1px solid #000000; height: 21px; width: 32px;\">31<\/td>\n<td style=\"border: 1px solid #000000; background-color: #f7f9fa; height: 21px; width: 257px;\">Fundamentos de la Matem\u00e1tica<\/td>\n<td style=\"border: 1px solid #000000; background-color: #f7f9fa; height: 21px; width: 234px;\"><a href=\"https:\/\/drive.google.com\/file\/d\/1CjitPLhz4-m0FNBOB7DieaKocLe1F3XV\/view?usp=sharing\">2023<\/a>&nbsp;&#8211; <a href=\"https:\/\/drive.google.com\/file\/d\/1LOWozXeBALm38GvMKeGVa9JSgixWulrO\/view?usp=sharing\">2024<\/a><\/td>\n<\/tr>\n<tr style=\"height: 21px;\">\n<td style=\"border: 1px solid #000000; height: 21px; width: 32px;\">32<\/td>\n<td style=\"border: 1px solid #000000; background-color: #f7f9fa; height: 21px; width: 257px;\">Espaci\u00f3 de definici\u00f3n institucional (EDI)<\/td>\n<td style=\"border: 1px solid #000000; background-color: #f7f9fa; height: 21px; width: 234px;\"><a href=\"https:\/\/drive.google.com\/file\/d\/1oN2-8ByzgscTtnelE6WueQWsv0xIXMsu\/view?usp=sharing\">2021<\/a> &#8211; <a href=\"https:\/\/drive.google.com\/file\/d\/1rqRxqSlvSmMrvHQ-JfONfP7fE8-WcaJj\/view?usp=share_link\">2022 <\/a>&#8211; <a href=\"https:\/\/drive.google.com\/file\/d\/1ujych9jhJ9kTFVvr-H6TI-rNk0yJhWCy\/view?usp=sharing\">2023<\/a>&#8211; <a href=\"https:\/\/drive.google.com\/file\/d\/1yTpeiejm1J6dJqBk3-x4rqwCP5V9GGUv\/view?usp=sharing\">2024<\/a><\/td>\n<td style=\"border: 1px solid #000000; background-color: #f7f9fa; height: 21px; width: 254px;\"><\/td>\n<\/tr>\n<tr style=\"height: 21px;\">\n<td style=\"border: 1px solid #000000; height: 21px; width: 32px;\">33<\/td>\n<td style=\"border: 1px solid #000000; background-color: #f7f9fa; height: 21px; width: 257px;\">Did\u00e1ctica de la Matem\u00e1tica III<\/td>\n<td style=\"border: 1px solid #000000; background-color: #f7f9fa; height: 21px; width: 234px;\"><a href=\"https:\/\/drive.google.com\/file\/d\/1ujych9jhJ9kTFVvr-H6TI-rNk0yJhWCy\/view?usp=sharing\">2023<\/a>&#8211; <a href=\"https:\/\/drive.google.com\/file\/d\/1ew8prUml_w04lPozgTywDy8AhfZOm7LQ\/view?usp=sharing\">2024<\/a><\/td>\n<\/tr>\n<tr style=\"height: 21px;\">\n<td style=\"border: 1px solid #000000; height: 21px; width: 32px;\">34<\/td>\n<td style=\"border: 1px solid #000000; background-color: #f7f9fa; height: 21px; width: 257px;\">Geometr\u00edas no Euclidianas, Geometr\u00eda proyectiva y fractal<\/td>\n<td style=\"border: 1px solid #000000; background-color: #f7f9fa; height: 21px; width: 234px;\"><\/td>\n<\/tr>\n<tr style=\"height: 21px;\">\n<td style=\"border: 1px solid #000000; height: 21px; width: 32px;\">35<\/td>\n<td style=\"border: 1px solid #000000; background-color: #f7f9fa; height: 21px; width: 257px;\">Matem\u00e1tica Aplicada<\/td>\n<td style=\"border: 1px solid #000000; background-color: #f7f9fa; height: 21px; width: 234px;\"><a href=\"https:\/\/drive.google.com\/file\/d\/1UccsbtwcbnfuL0gRI3u9qU_obXg1pptJ\/view?usp=sharing\">2023 <\/a>&#8211; <a href=\"https:\/\/drive.google.com\/file\/d\/1EWoQzWvdkClnrdjox9BIeZDmVvdUZoBo\/view?usp=sharing\">2024<\/a><\/td>\n<\/tr>\n<tr style=\"height: 21px;\">\n<td style=\"border: 1px solid #000000; height: 21px; width: 777px;\" colspan=\"4\"><strong>Campo de la Formaci\u00f3n en la Pr\u00e1ctica Profesional<\/strong><\/td>\n<\/tr>\n<tr style=\"height: 21px;\">\n<td style=\"border: 1px solid #000000; height: 21px; width: 32px;\">&nbsp;36<\/td>\n<td style=\"border: 1px solid #000000; background-color: #f7f9fa; height: 21px; width: 257px;\">&nbsp;CFPP 4:La reflexi\u00f3n sobre la tarea docente<\/td>\n<td style=\"border: 1px solid #000000; background-color: #f7f9fa; height: 21px; width: 234px;\"><a href=\"https:\/\/drive.google.com\/file\/d\/1ISRVbyeiSSLvjvjgt7avXe6CwJIlflp4\/view?usp=sharing\">2023<\/a> &#8211; <a href=\"https:\/\/drive.google.com\/file\/d\/17vn6NORZkSRM0nV0_rcVmWrieZI4aabX\/view?usp=sharing\">2024<\/a><\/td>\n<\/tr>\n<\/tbody>\n<\/table>\n","protected":false},"excerpt":{"rendered":"<p>MATEM\u00c1TICA &#8211; RESOLUCI\u00d3N 1861\/17 Los programas aparecen con link, de acuerdo con el a\u00f1o de la carrera y ciclo lectivo.&nbsp; 1\u00b0 A\u00d1O Campo de la Formaci\u00f3n General &nbsp;1 &nbsp;Pedagog\u00eda 2022 &#8211;&nbsp; 2023 &#8211; 2024 &nbsp;2 &nbsp;Did\u00e1ctica General 2022 &#8211; 2024 &nbsp;3 &nbsp;Problem\u00e1ticas Socio-Institucionales 2019 &#8211; 2022 &#8211; 2023&#8211; 2024 Campo de la Formaci\u00f3n Espec\u00edfica 4 &#8230; <a title=\"Plan vigente (RM 1861\/17)\" class=\"read-more\" href=\"https:\/\/isfd107-bue.infd.edu.ar\/sitio\/docentes-y-programas-5\/\" aria-label=\"More on Plan vigente (RM 1861\/17)\">[+]<\/a><\/p>\n","protected":false},"author":1454,"featured_media":0,"parent":0,"menu_order":0,"comment_status":"closed","ping_status":"closed","template":"","meta":[],"acf":[],"_links":{"self":[{"href":"https:\/\/isfd107-bue.infd.edu.ar\/sitio\/wp-json\/wp\/v2\/pages\/1460"}],"collection":[{"href":"https:\/\/isfd107-bue.infd.edu.ar\/sitio\/wp-json\/wp\/v2\/pages"}],"about":[{"href":"https:\/\/isfd107-bue.infd.edu.ar\/sitio\/wp-json\/wp\/v2\/types\/page"}],"author":[{"embeddable":true,"href":"https:\/\/isfd107-bue.infd.edu.ar\/sitio\/wp-json\/wp\/v2\/users\/1454"}],"replies":[{"embeddable":true,"href":"https:\/\/isfd107-bue.infd.edu.ar\/sitio\/wp-json\/wp\/v2\/comments?post=1460"}],"version-history":[{"count":73,"href":"https:\/\/isfd107-bue.infd.edu.ar\/sitio\/wp-json\/wp\/v2\/pages\/1460\/revisions"}],"predecessor-version":[{"id":5648,"href":"https:\/\/isfd107-bue.infd.edu.ar\/sitio\/wp-json\/wp\/v2\/pages\/1460\/revisions\/5648"}],"wp:attachment":[{"href":"https:\/\/isfd107-bue.infd.edu.ar\/sitio\/wp-json\/wp\/v2\/media?parent=1460"}],"curies":[{"name":"wp","href":"https:\/\/api.w.org\/{rel}","templated":true}]}}