{"id":1396,"date":"2018-08-29T18:58:31","date_gmt":"2018-08-29T21:58:31","guid":{"rendered":"https:\/\/isfd107-bue.infd.edu.ar\/sitio\/primaria-cs-sociales\/"},"modified":"2018-11-13T22:35:50","modified_gmt":"2018-11-14T01:35:50","slug":"primaria-cs-sociales","status":"publish","type":"page","link":"https:\/\/isfd107-bue.infd.edu.ar\/sitio\/primaria-cs-sociales\/","title":{"rendered":"Primaria &#8211; Cs Sociales"},"content":{"rendered":"<p><img decoding=\"async\" loading=\"lazy\" src=\"https:\/\/lh6.googleusercontent.com\/-vghA7SKH8vU\/T-XS7rd2JMI\/AAAAAAAAA9Y\/khi9ds0Ux9M\/s640\/portada%2520sociales.PNG\" width=\"640\" height=\"286\" border=\"0\" \/><\/p>\n<table border=\"0\">\n<tbody>\n<tr>\n<td style=\"border: 1px solid #0099ff;\"><strong>Nombre<\/strong><\/td>\n<td style=\"border: 1px solid #0099ff;\"><strong>Descripci\u00f3n<\/strong><\/td>\n<td style=\"border: 1px solid #0099ff;\"><strong>Acceso<\/strong><\/td>\n<\/tr>\n<tr>\n<td style=\"border: 1px solid #0099ff;\"><strong>Especial 9 de Julio<\/strong><\/td>\n<td style=\"border: 1px solid #0099ff; text-align: justify;\">Programa de Canal Encuentro Historia de un pa\u00eds. Argentina Siglo XX.<\/td>\n<td style=\"border: 1px solid #0099ff;\"><a href=\"https:\/\/www.youtube.com\/watch?v=kphRAPpNFaY\"><img decoding=\"async\" loading=\"lazy\" class=\"alignnone\" src=\"https:\/\/lh5.googleusercontent.com\/-Mwx1OSm_mFA\/T-SVKlYupZI\/AAAAAAAAA4s\/SdYhJlycSIQ\/s193\/clic%2520aqui.png\" alt=\"\" width=\"50\" height=\"50\" border=\"0\" \/><\/a><\/td>\n<\/tr>\n<tr>\n<td style=\"border: 1px solid #0099ff;\"><strong>La Argentina en tres videos<\/strong><\/td>\n<td style=\"border: 1px solid #0099ff; text-align: justify;\">En este recurso presentamos tres videos que, de distintas formas, se relacionan con los temas desarrollados \u00a0y que resultan un material interesante para presentar en clase. Se trata de El Himno Nacional en lenguaje de se\u00f1as, La formaci\u00f3n de un pa\u00eds y La Revoluci\u00f3n de Mayo.<\/td>\n<td style=\"border: 1px solid #0099ff;\"><a href=\"http:\/\/www.sanjuan.edu.ar\/mesj\/ConectarIgualdades\/suite-docentes\/coleccion_educar\/coleccion\/CD18\/contenidos\/recursos\/videos\/index.html\"><img decoding=\"async\" loading=\"lazy\" class=\"alignnone\" src=\"https:\/\/lh5.googleusercontent.com\/-Mwx1OSm_mFA\/T-SVKlYupZI\/AAAAAAAAA4s\/SdYhJlycSIQ\/s193\/clic%2520aqui.png\" alt=\"\" width=\"50\" height=\"50\" border=\"0\" \/><\/a><\/td>\n<\/tr>\n<tr>\n<td style=\"border: 1px solid #0099ff;\"><strong>La Argentina en im\u00e1genes<\/strong><\/td>\n<td style=\"border: 1px solid #0099ff; text-align: justify;\">Una serie de im\u00e1genes que ilustran aspectos de nuestro pa\u00eds y de su historia. Pueden descargarse a la PC, e imprimirse.<\/td>\n<td style=\"border: 1px solid #0099ff;\"><a href=\"https:\/\/marcoguoli.photoshelter.com\/archive\"><img decoding=\"async\" loading=\"lazy\" class=\"alignnone\" src=\"https:\/\/lh5.googleusercontent.com\/-Mwx1OSm_mFA\/T-SVKlYupZI\/AAAAAAAAA4s\/SdYhJlycSIQ\/s193\/clic%2520aqui.png\" alt=\"\" width=\"50\" height=\"50\" border=\"0\" \/><\/a><\/td>\n<\/tr>\n<tr>\n<td style=\"border: 1px solid #0099ff;\">\u00a0<strong>Biblioteca jur\u00eddica de constituciones<\/strong><\/td>\n<td style=\"border: 1px solid #0099ff; text-align: justify;\">\u00a0En este recurso presentamos el conjunto de textos jur\u00eddicos que hacen al ordenamiento del pa\u00eds. Para trabajar con la ayuda de los padres o un adulto.<\/td>\n<td style=\"border: 1px solid #0099ff;\"><a href=\"https:\/\/www.educ.ar\/recursos\/90759\/biblioteca-juridica-de-constituciones\"><img decoding=\"async\" loading=\"lazy\" class=\"alignnone\" src=\"https:\/\/lh5.googleusercontent.com\/-Mwx1OSm_mFA\/T-SVKlYupZI\/AAAAAAAAA4s\/SdYhJlycSIQ\/s193\/clic%2520aqui.png\" alt=\"\" width=\"50\" height=\"50\" border=\"0\" \/><\/a><\/td>\n<\/tr>\n<tr>\n<td style=\"border: 1px solid #0099ff;\">\u00a0<strong>Datos de las provincias argentinas<\/strong><\/td>\n<td style=\"border: 1px solid #0099ff; text-align: justify;\">\u00a0El aspecto material de una naci\u00f3n es su territorio, sus l\u00edmites, sus fronteras. En este apartado vamos a recorrer distintas representaciones de los espacios en los cuales las personas nacen, viven, trabajan bajo la soberan\u00eda del Estado argentino.<\/td>\n<td style=\"border: 1px solid #0099ff;\"><a href=\"https:\/\/www.educ.ar\/recursos\/70373\/datos-sobre-la-argentina\/fullscreen\"><img decoding=\"async\" loading=\"lazy\" class=\"alignnone\" src=\"https:\/\/lh5.googleusercontent.com\/-Mwx1OSm_mFA\/T-SVKlYupZI\/AAAAAAAAA4s\/SdYhJlycSIQ\/s193\/clic%2520aqui.png\" alt=\"\" width=\"50\" height=\"50\" border=\"0\" \/><\/a><\/td>\n<\/tr>\n<tr>\n<td style=\"border: 1px solid #0099ff;\"><strong>\u00a0Mapoteca<\/strong><\/td>\n<td style=\"border: 1px solid #0099ff; text-align: justify;\">\u00a0Un atlas interactivo con mapas para dibujar, superponer, recorrer, marcar o pintar en tu computadora. Tambi\u00e9n pod\u00e9s imprimirlos, descargarlos y compartirlos en las redes sociales.<\/td>\n<td style=\"border: 1px solid #0099ff;\"><a href=\"http:\/\/mapoteca.educ.ar\/\" target=\"_blank\" rel=\"noopener\"><img decoding=\"async\" loading=\"lazy\" src=\"https:\/\/lh5.googleusercontent.com\/-Mwx1OSm_mFA\/T-SVKlYupZI\/AAAAAAAAA4s\/SdYhJlycSIQ\/s193\/clic%2520aqui.png\" width=\"50\" height=\"50\" border=\"0\" \/><\/a><\/td>\n<\/tr>\n<tr>\n<td style=\"border: 1px solid #0099ff;\">\u00a0<strong>Revolucion &#8211; El cruce de Los Andes (Pelicula)<\/strong><\/td>\n<td style=\"border: 1px solid #0099ff;\">\u00a0Jos\u00e9 Francisco de San Mart\u00edn. El revolucionario, el republicano, el hombre de la Ilustraci\u00f3n, el mas\u00f3n. El de la mala salud de hierro. El genio militar que comparan con An\u00edbal, con Napole\u00f3n. El estratega pol\u00edtico. El Gran Capit\u00e1n.<\/td>\n<td style=\"border: 1px solid #0099ff;\"><a href=\"https:\/\/www.youtube.com\/watch?v=97FIwrTo2qA\" target=\"_blank\" rel=\"noopener\"><img decoding=\"async\" loading=\"lazy\" class=\"alignnone\" src=\"https:\/\/lh5.googleusercontent.com\/-Mwx1OSm_mFA\/T-SVKlYupZI\/AAAAAAAAA4s\/SdYhJlycSIQ\/s193\/clic%2520aqui.png\" alt=\"\" width=\"50\" height=\"50\" border=\"0\" \/><\/a><\/td>\n<\/tr>\n<tr>\n<td style=\"border: 1px solid #0099ff;\"><\/td>\n<td style=\"border: 1px solid #0099ff;\"><\/td>\n<td style=\"border: 1px solid #0099ff;\"><\/td>\n<\/tr>\n<tr>\n<td style=\"border: 1px solid #0099ff;\"><\/td>\n<td style=\"border: 1px solid #0099ff;\"><\/td>\n<td style=\"border: 1px solid #0099ff;\"><\/td>\n<\/tr>\n<tr>\n<td style=\"border: 1px solid #0099ff;\"><\/td>\n<td style=\"border: 1px solid #0099ff;\"><\/td>\n<td style=\"border: 1px solid #0099ff;\"><\/td>\n<\/tr>\n<\/tbody>\n<\/table>\n","protected":false},"excerpt":{"rendered":"<p>Nombre Descripci\u00f3n Acceso Especial 9 de Julio Programa de Canal Encuentro Historia de un pa\u00eds. Argentina Siglo XX. La Argentina en tres videos En este recurso presentamos tres videos que, de distintas formas, se relacionan con los temas desarrollados \u00a0y que resultan un material interesante para presentar en clase. Se trata de El Himno Nacional &#8230; <a title=\"Primaria &#8211; Cs Sociales\" class=\"read-more\" href=\"https:\/\/isfd107-bue.infd.edu.ar\/sitio\/primaria-cs-sociales\/\" aria-label=\"More on Primaria &#8211; Cs Sociales\">[+]<\/a><\/p>\n","protected":false},"author":1454,"featured_media":0,"parent":0,"menu_order":0,"comment_status":"closed","ping_status":"closed","template":"","meta":[],"acf":[],"_links":{"self":[{"href":"https:\/\/isfd107-bue.infd.edu.ar\/sitio\/wp-json\/wp\/v2\/pages\/1396"}],"collection":[{"href":"https:\/\/isfd107-bue.infd.edu.ar\/sitio\/wp-json\/wp\/v2\/pages"}],"about":[{"href":"https:\/\/isfd107-bue.infd.edu.ar\/sitio\/wp-json\/wp\/v2\/types\/page"}],"author":[{"embeddable":true,"href":"https:\/\/isfd107-bue.infd.edu.ar\/sitio\/wp-json\/wp\/v2\/users\/1454"}],"replies":[{"embeddable":true,"href":"https:\/\/isfd107-bue.infd.edu.ar\/sitio\/wp-json\/wp\/v2\/comments?post=1396"}],"version-history":[{"count":7,"href":"https:\/\/isfd107-bue.infd.edu.ar\/sitio\/wp-json\/wp\/v2\/pages\/1396\/revisions"}],"predecessor-version":[{"id":1643,"href":"https:\/\/isfd107-bue.infd.edu.ar\/sitio\/wp-json\/wp\/v2\/pages\/1396\/revisions\/1643"}],"wp:attachment":[{"href":"https:\/\/isfd107-bue.infd.edu.ar\/sitio\/wp-json\/wp\/v2\/media?parent=1396"}],"curies":[{"name":"wp","href":"https:\/\/api.w.org\/{rel}","templated":true}]}}