{"id":1394,"date":"2018-08-29T18:58:31","date_gmt":"2018-08-29T21:58:31","guid":{"rendered":"https:\/\/isfd107-bue.infd.edu.ar\/sitio\/primaria-cs-naturales\/"},"modified":"2018-11-13T22:20:57","modified_gmt":"2018-11-14T01:20:57","slug":"primaria-cs-naturales","status":"publish","type":"page","link":"https:\/\/isfd107-bue.infd.edu.ar\/sitio\/primaria-cs-naturales\/","title":{"rendered":"Primaria &#8211; Cs. Naturales"},"content":{"rendered":"<p><img decoding=\"async\" loading=\"lazy\" style=\"border: 0; display: block; margin-left: NaNpx; margin-right: NaNpx;\" src=\"https:\/\/lh5.googleusercontent.com\/-AzgP5TiXGhs\/T-TjF9o1u4I\/AAAAAAAAA7w\/eD2kkRGMvQc\/s512\/cs%2520naturaess.jpg\" width=\"412\" height=\"312\" border=\"0\" \/><\/p>\n<table style=\"border-color: #0099ff; border-width: 0px;\" border=\"0\">\n<tbody>\n<tr>\n<td style=\"border: 1px solid #0066ff; text-align: center;\"><strong>Nombre<\/strong><\/td>\n<td style=\"border: 1px solid #0066ff;\"><strong>Descripci\u00f3n<\/strong><\/td>\n<td style=\"border: 1px solid #0066ff;\"><strong>Acceso<\/strong><\/td>\n<\/tr>\n<tr>\n<td style=\"border: 1px solid #0066ff;\"><strong>Educaci\u00f3n Ambiental para los m\u00e1s peque\u00f1os<\/strong><\/td>\n<td style=\"border: 1px solid #0066ff; text-align: justify;\">La Educaci\u00f3n Ambiental es un \u00e1rea que todo maestro debe tener en cuenta. Pues, para enfrentar los problemas medioambientales con seriedad y responsabilidad, es preciso concientizar a los ni\u00f1os y promover en ellos h\u00e1bitos de compromiso con el planeta desde la temprana edad.<\/td>\n<td style=\"border: 1px solid #0066ff;\"><a href=\"http:\/\/bibliotecadigital.ilce.edu.mx\/sites\/educa\/html\/ecologicos.htm\" target=\"_blank\" rel=\"noopener\"><img decoding=\"async\" loading=\"lazy\" src=\"https:\/\/lh5.googleusercontent.com\/-Mwx1OSm_mFA\/T-SVKlYupZI\/AAAAAAAAA4s\/SdYhJlycSIQ\/s193\/clic%2520aqui.png\" width=\"50\" height=\"50\" border=\"0\" \/><\/a><\/td>\n<\/tr>\n<tr>\n<td style=\"border: 1px solid #0066ff;\">\u00a0<strong>Blog de las Ciencias de la Naturaleza<\/strong><\/td>\n<td style=\"border: 1px solid #0066ff; text-align: justify;\">\u00a0\u00a0 Alumnos y colaboradores cuelgan sus trabajos y \u00a0noticias sobre las Ciencias Naturales para ense\u00f1arlos al mundo (Argentina)<\/td>\n<td style=\"border: 1px solid #0066ff;\">\u00a0<a href=\"http:\/\/blogareaciencias.blogspot.com.ar\/\" target=\"_blank\" rel=\"noopener\"><img decoding=\"async\" loading=\"lazy\" src=\"https:\/\/lh5.googleusercontent.com\/-Mwx1OSm_mFA\/T-SVKlYupZI\/AAAAAAAAA4s\/SdYhJlycSIQ\/s193\/clic%2520aqui.png\" width=\"50\" height=\"50\" border=\"0\" \/><\/a><\/td>\n<\/tr>\n<tr>\n<td style=\"border: 1px solid #0066ff;\">\u00a0 <strong>Experimentar<\/strong><\/td>\n<td style=\"border: 1px solid #0066ff; text-align: justify;\">\u00a0El portal Experimentar, del Ministerio de Ciencia, Tecnolog\u00eda e Innovaci\u00f3n Productiva, naci\u00f3 con el objetivo de acercar a chicos y j\u00f3venes al mundo de la ciencia.<\/td>\n<td style=\"border: 1px solid #0066ff;\">\u00a0<a href=\"https:\/\/didactalia.net\/comunidad\/materialeducativo\/recursos\/tag\/experimentar.gov.ar\" target=\"_blank\" rel=\"noopener\"><img decoding=\"async\" loading=\"lazy\" class=\"alignnone\" src=\"https:\/\/lh5.googleusercontent.com\/-Mwx1OSm_mFA\/T-SVKlYupZI\/AAAAAAAAA4s\/SdYhJlycSIQ\/s193\/clic%2520aqui.png\" alt=\"\" width=\"50\" height=\"50\" border=\"0\" \/><\/a><\/td>\n<\/tr>\n<tr>\n<td style=\"border: 1px solid #0066ff;\"><\/td>\n<td style=\"border: 1px solid #0066ff;\"><\/td>\n<td style=\"border: 1px solid #0066ff;\"><\/td>\n<\/tr>\n<tr>\n<td style=\"border: 1px solid #0066ff;\"><\/td>\n<td style=\"border: 1px solid #0066ff;\"><\/td>\n<td style=\"border: 1px solid #0066ff;\"><\/td>\n<\/tr>\n<tr>\n<td style=\"border: 1px solid #0066ff;\"><\/td>\n<td style=\"border: 1px solid #0066ff;\"><\/td>\n<td style=\"border: 1px solid #0066ff;\"><\/td>\n<\/tr>\n<\/tbody>\n<\/table>\n","protected":false},"excerpt":{"rendered":"<p>Nombre Descripci\u00f3n Acceso Educaci\u00f3n Ambiental para los m\u00e1s peque\u00f1os La Educaci\u00f3n Ambiental es un \u00e1rea que todo maestro debe tener en cuenta. Pues, para enfrentar los problemas medioambientales con seriedad y responsabilidad, es preciso concientizar a los ni\u00f1os y promover en ellos h\u00e1bitos de compromiso con el planeta desde la temprana edad. \u00a0Blog de las &#8230; <a title=\"Primaria &#8211; Cs. Naturales\" class=\"read-more\" href=\"https:\/\/isfd107-bue.infd.edu.ar\/sitio\/primaria-cs-naturales\/\" aria-label=\"More on Primaria &#8211; Cs. Naturales\">[+]<\/a><\/p>\n","protected":false},"author":1454,"featured_media":0,"parent":0,"menu_order":0,"comment_status":"closed","ping_status":"closed","template":"","meta":[],"acf":[],"_links":{"self":[{"href":"https:\/\/isfd107-bue.infd.edu.ar\/sitio\/wp-json\/wp\/v2\/pages\/1394"}],"collection":[{"href":"https:\/\/isfd107-bue.infd.edu.ar\/sitio\/wp-json\/wp\/v2\/pages"}],"about":[{"href":"https:\/\/isfd107-bue.infd.edu.ar\/sitio\/wp-json\/wp\/v2\/types\/page"}],"author":[{"embeddable":true,"href":"https:\/\/isfd107-bue.infd.edu.ar\/sitio\/wp-json\/wp\/v2\/users\/1454"}],"replies":[{"embeddable":true,"href":"https:\/\/isfd107-bue.infd.edu.ar\/sitio\/wp-json\/wp\/v2\/comments?post=1394"}],"version-history":[{"count":1,"href":"https:\/\/isfd107-bue.infd.edu.ar\/sitio\/wp-json\/wp\/v2\/pages\/1394\/revisions"}],"predecessor-version":[{"id":1636,"href":"https:\/\/isfd107-bue.infd.edu.ar\/sitio\/wp-json\/wp\/v2\/pages\/1394\/revisions\/1636"}],"wp:attachment":[{"href":"https:\/\/isfd107-bue.infd.edu.ar\/sitio\/wp-json\/wp\/v2\/media?parent=1394"}],"curies":[{"name":"wp","href":"https:\/\/api.w.org\/{rel}","templated":true}]}}