{"id":1370,"date":"2018-08-29T18:58:21","date_gmt":"2018-08-29T21:58:21","guid":{"rendered":"https:\/\/isfd107-bue.infd.edu.ar\/sitio\/normativa\/"},"modified":"2026-03-25T14:18:51","modified_gmt":"2026-03-25T17:18:51","slug":"normativa","status":"publish","type":"page","link":"https:\/\/isfd107-bue.infd.edu.ar\/sitio\/normativa\/","title":{"rendered":"Normativa"},"content":{"rendered":"<h5><strong><span lang=\"ES-AR\" data-mce-mark=\"1\"><span style=\"font-size: 12pt;\" data-mce-mark=\"1\">Normas vigentes\u00a0<\/span><\/span><\/strong><strong>\u00a0<\/strong><\/h5>\n<ul>\n<li><a href=\"https:\/\/drive.google.com\/file\/d\/1LeaVueHv0AeaSb9dBh0P7MNzH1TZbC1T\/view?usp=sharing&gt;&lt;span style=\" data-mce-mark=\"1\"><strong>NUEVO R\u00c9GIMEN ACAD\u00c9MICO MARCO (Res. 4196\/24)<\/strong><\/a><\/li>\n<li><a href=\"https:\/\/drive.google.com\/file\/d\/1uuvNunRPcYC5eR_pBM2dJYv6XQiBhwL2\/view?usp=sharing\"><span style=\"font-size: 12pt;\" data-mce-mark=\"1\"><strong>Resoluci\u00f3n N\u00b0 6179\/25: Pautas para la implementaci\u00f3n de las pruebas de selecci\u00f3n por evaluaci\u00f3n de t\u00edtulos, antecedentes y oposici\u00f3n para la cobertura de cargos del Nivel Superior.<\/strong><\/span><\/a><\/li>\n<li><strong><a href=\"https:\/\/docs.google.com\/document\/d\/1OYbvSbJvu1XZtZ-nKOgL8reDJ9g9xT_p\/edit?usp=sharing&amp;ouid=113175980633088195924&amp;rtpof=true&amp;sd=true\">Anexo 9. Formularios 1 y 2 editables<\/a>\u00a0<\/strong><b style=\"font-size: 12pt;\"><\/b><\/li>\n<\/ul>\n","protected":false},"excerpt":{"rendered":"<p>Normas vigentes\u00a0\u00a0 NUEVO R\u00c9GIMEN ACAD\u00c9MICO MARCO (Res. 4196\/24) Resoluci\u00f3n N\u00b0 6179\/25: Pautas para la implementaci\u00f3n de las pruebas de selecci\u00f3n por evaluaci\u00f3n de t\u00edtulos, antecedentes y oposici\u00f3n para la cobertura de cargos del Nivel Superior. Anexo 9. Formularios 1 y 2 editables\u00a0<\/p>\n","protected":false},"author":1454,"featured_media":0,"parent":0,"menu_order":0,"comment_status":"closed","ping_status":"closed","template":"","meta":[],"acf":[],"_links":{"self":[{"href":"https:\/\/isfd107-bue.infd.edu.ar\/sitio\/wp-json\/wp\/v2\/pages\/1370"}],"collection":[{"href":"https:\/\/isfd107-bue.infd.edu.ar\/sitio\/wp-json\/wp\/v2\/pages"}],"about":[{"href":"https:\/\/isfd107-bue.infd.edu.ar\/sitio\/wp-json\/wp\/v2\/types\/page"}],"author":[{"embeddable":true,"href":"https:\/\/isfd107-bue.infd.edu.ar\/sitio\/wp-json\/wp\/v2\/users\/1454"}],"replies":[{"embeddable":true,"href":"https:\/\/isfd107-bue.infd.edu.ar\/sitio\/wp-json\/wp\/v2\/comments?post=1370"}],"version-history":[{"count":24,"href":"https:\/\/isfd107-bue.infd.edu.ar\/sitio\/wp-json\/wp\/v2\/pages\/1370\/revisions"}],"predecessor-version":[{"id":5729,"href":"https:\/\/isfd107-bue.infd.edu.ar\/sitio\/wp-json\/wp\/v2\/pages\/1370\/revisions\/5729"}],"wp:attachment":[{"href":"https:\/\/isfd107-bue.infd.edu.ar\/sitio\/wp-json\/wp\/v2\/media?parent=1370"}],"curies":[{"name":"wp","href":"https:\/\/api.w.org\/{rel}","templated":true}]}}