{"id":1347,"date":"2018-08-29T18:58:12","date_gmt":"2018-08-29T21:58:12","guid":{"rendered":"https:\/\/isfd107-bue.infd.edu.ar\/sitio\/plan-de-estudios-3\/"},"modified":"2026-03-24T20:21:12","modified_gmt":"2026-03-24T23:21:12","slug":"plan-de-estudios-3","status":"publish","type":"page","link":"https:\/\/isfd107-bue.infd.edu.ar\/sitio\/plan-de-estudios-3\/","title":{"rendered":"Plan de carrera"},"content":{"rendered":"\n<p class=\"has-text-align-center\"> <strong>PROFESORADO DE EDUCACI\u00d3N SECUNDARIA EN MATEM\u00c1TICA (RESOLUCI\u00d3N 1861\/17<\/strong>)<\/p>\n\n\n<div class=\"wp-block-image\">\n<figure class=\"aligncenter\"><img decoding=\"async\" loading=\"lazy\" width=\"707\" height=\"523\" src=\"https:\/\/isfd107-bue.infd.edu.ar\/sitio\/wp-content\/uploads\/2024\/04\/PLAN-DE-CARRERA-mate-.png\" alt=\"\" class=\"wp-image-4877\"\/><\/figure><\/div>\n\n<p class=\"has-text-align-center\"><span style=\"color: #0000ff;\"><strong>NUEVAS CORRELATIVIDADES (vigencia desde 2024)<\/strong><\/span><\/p>\n<p>\u27bd\u27bd<strong><a href=\"https:\/\/drive.google.com\/file\/d\/1S06ixQ1_plX0cQUhuEbWSMM0R9lCbf0Q\/view?usp=sharing\">Normativa<\/a><\/strong><\/p>\n<p style=\"text-align: center;\"><iframe loading=\"lazy\" src=\"https:\/\/drive.google.com\/file\/d\/1sNLOX9__wRw8nmhujGp70j8AULtCfOc9\/preview\" width=\"640\" height=\"480\"><\/iframe><\/p>\n<p style=\"text-align: center;\">\u00a0<\/p>\n<address>\u00a0<\/address>","protected":false},"excerpt":{"rendered":"<p>PROFESORADO DE EDUCACI\u00d3N SECUNDARIA EN MATEM\u00c1TICA (RESOLUCI\u00d3N 1861\/17) NUEVAS CORRELATIVIDADES (vigencia desde 2024) \u27bd\u27bdNormativa \u00a0 \u00a0<\/p>\n","protected":false},"author":1454,"featured_media":0,"parent":0,"menu_order":0,"comment_status":"closed","ping_status":"closed","template":"","meta":[],"acf":[],"_links":{"self":[{"href":"https:\/\/isfd107-bue.infd.edu.ar\/sitio\/wp-json\/wp\/v2\/pages\/1347"}],"collection":[{"href":"https:\/\/isfd107-bue.infd.edu.ar\/sitio\/wp-json\/wp\/v2\/pages"}],"about":[{"href":"https:\/\/isfd107-bue.infd.edu.ar\/sitio\/wp-json\/wp\/v2\/types\/page"}],"author":[{"embeddable":true,"href":"https:\/\/isfd107-bue.infd.edu.ar\/sitio\/wp-json\/wp\/v2\/users\/1454"}],"replies":[{"embeddable":true,"href":"https:\/\/isfd107-bue.infd.edu.ar\/sitio\/wp-json\/wp\/v2\/comments?post=1347"}],"version-history":[{"count":10,"href":"https:\/\/isfd107-bue.infd.edu.ar\/sitio\/wp-json\/wp\/v2\/pages\/1347\/revisions"}],"predecessor-version":[{"id":5718,"href":"https:\/\/isfd107-bue.infd.edu.ar\/sitio\/wp-json\/wp\/v2\/pages\/1347\/revisions\/5718"}],"wp:attachment":[{"href":"https:\/\/isfd107-bue.infd.edu.ar\/sitio\/wp-json\/wp\/v2\/media?parent=1347"}],"curies":[{"name":"wp","href":"https:\/\/api.w.org\/{rel}","templated":true}]}}